 -86*m - 4072. What is g(-42)?
-460
Let a(i) = -i**3 - 288*i**2 - 2553*i - 383. Determine a(-9).
-5
Let h(j) = -132*j - 4497. Give h(-32).
-273
Let c(g) = 30*g**2 - 130*g - 549. Give c(7).
11
Let o(w) = -1452*w**2 + 14514*w + 42. Give o(10).
-18
Let q(c) = -6*c**3 + 771*c**2 + 1950*c + 1961. Determine q(131).
-4
Let b(s) = 1473*s - 26276. Give b(18).
238
Let o(h) = -h**3 - 35*h**2 - 224*h + 88. Give o(-9).
-2
Let a(z) = 22*z**2 - 597*z + 646. Calculate a(26).
-4
Let n(k) = -632*k + 29974. Give n(47).
270
Let k(w) = 24*w**3 + 18*w**2 - 113*w + 3. Determine k(5).
2888
Let q(c) = -5766*c - 9864. Calculate q(-2).
1668
Let b(o) = -3*o**3 + 147*o**2 - 23*o + 1072. What is b(49)?
-55
Let a(b) = -3*b**3 + 100*b**2 + 174*b - 3593. Determine a(34).
11
Let g(t) = 6*t**2 + 2393*t + 9153. What is g(-395)?
68
Let a(t) = 191139*t - 7263286. What is a(38)?
-4
Let w(k) = k**3 - 24*k**2 + 455*k - 13198. What is w(26)?
-16
Let b(f) = 2*f**3 + f**2 - 593*f + 16. Determine b(17).
50
Let p(r) = 7*r**2 - 2975*r - 18061. Determine p(-6).
41
Let m(y) = y**3 - 1649*y**2 + 635492*y - 1236. Give m(614).
-8
Let h(l) = -2*l**3 + 75*l**2 + 62*l - 876. Give h(38).
36
Let b(d) = -7*d**2 - 135*d - 634. Give b(-10).
16
Let s(q) = 596*q**2 - 55*q + 61. Give s(1).
602
Let k(j) = 2344*j - 710250. Determine k(303).
-18
Let r(b) = b**3 - 27*b**2 + 5641*b - 38512. Give r(7).
-5
Let p(a) = 29*a**2 + 7072*a - 1062. Calculate p(-244).
-86
Let f(u) = -23*u**2 - 50*u - 38. Determine f(-5).
-363
Let u(s) = s**3 - 12*s**2 + 242*s - 1217. Calculate u(6).
19
Let a(x) = -x**3 - 59*x**2 - 311*x + 57. Calculate a(-12).
-2979
Let u(f) = 367*f + 78986. Calculate u(-216).
-286
Let a(v) = -v**3 + 1199*v**2 + 35620*v + 308. What is a(-29)?
76
Let d(b) = -b**2 - 2645*b + 18495. Give d(7).
-69
Let x(u) = -22*u**3 + 222*u**2 - 200*u + 1798. What is x(10)?
-2
Let w(d) = -6*d**2 + 312*d - 643. Determine w(55).
-1633
Let f(i) = -13355*i + 333875. Give f(25).
0
Let m(d) = 301*d + 25738. What is m(-86)?
-148
Let k(q) = 2*q**3 - 349*q**2 + 862*q + 171. Calculate k(172).
515
Let t(h) = 230*h**2 + 2866*h - 1604. Calculate t(-13).
8
Let l(r) = r**2 + 32*r - 1084. Calculate l(17).
-251
Let x(t) = 8*t**2 - 4989*t + 58710. What is x(12)?
-6
Let m(x) = 20*x**2 + 1671*x + 13238. Determine m(-8).
1150
Let h(d) = 123*d + 1826. Calculate h(-24).
-1126
Let o(v) = 2*v**2 + 27*v - 22909. Determine o(-114).
5
Let m(q) = -1152*q + 97918. What is m(85)?
-2
Let x(a) = 25821*a - 25726. Give x(1).
95
Let m(l) = 153*l - 899. What is m(4)?
-287
Let i(h) = -7514*h - 1487777. What is i(-198)?
-5
Let m(o) = -19*o**2 - 231*o + 231. Calculate m(1).
-19
Let b(a) = 13*a**3 + 131*a**2 + 44*a + 380. Determine b(-10).
40
Let v(y) = -y**3 + 85*y**2 + 278*y - 9058. Give v(87).
-10
Let h(s) = s**3 - 16*s**2 - 1272*s + 9326. Determine h(7).
-19
Let c(h) = -47*h + 6477. Determine c(138).
-9
Let b(p) = -58709*p - 528691. What is b(-9)?
-310
Let a(l) = l**2 - 27*l - 1117. What is a(-22)?
-39
Let u(f) = 441*f + 9407. What is u(-21)?
146
Let f(n) = -2351*n - 21111. Give f(-9).
48
Let o(b) = 2*b**2 - 43*b - 1033. Determine o(37).
114
Let f(z) = 781*z + 123405. What is f(-158)?
7
Let g(v) = 220*v - 7361. Give g(36).
559
Let y(r) = -10072*r - 20133. Determine y(-2).
11
Let a(o) = -3466*o - 126628. Calculate a(-37).
1614
Let p(n) = n**2 + 14739*n + 220540. Give p(-15).
-320
Let m(w) = 5*w**2 + 90*w - 184. What is m(-21)?
131
Let y(n) = 5*n**2 - 70*n - 5. What is y(12)?
-125
Let f(p) = 2*p**3 - 101*p**2 + 295*p - 7238. Give f(49).
14
Let s(o) = -o**2 + 897*o + 185113. Calculate s(-173).
3
Let h(x) = 22121*x + 10020805. Determine h(-453).
-8
Let m(q) = -3*q**3 - 344*q**2 + 14790*q - 1435. What is m(-148)?
45
Let a(r) = 682*r - 43608. Calculate a(64).
40
Let x(s) = -290*s + 42391. Determine x(146).
51
Let o(x) = 2*x**2 - 2664*x - 228932. What is o(-81)?
-26
Let s(v) = -19*v**2 - 2858*v + 1665. What is s(-151)?
4
Let v(d) = -156538*d + 8139949. Calculate v(52).
-27
Let l(y) = 2*y**3 - 114*y**2 - 301*y + 17166. Give l(57).
9
Let w(i) = 44*i**3 + 145*i**2 - 34*i - 105. Determine w(-3).
114
Let y(j) = j**2 - 1800*j - 7233. What is y(-4)?
-17
Let w(c) = 1097*c + 41699. What is w(-38)?
13
Let d(z) = 3*z**2 + 2833*z - 34039. Determine d(12).
389
Let d(z) = 6*z**2 - 27*z + 29. Calculate d(-3).
164
Let j(u) = -u**3 - 1458*u**2 - 8705*u + 61. Give j(-6).
19
Let y(r) = 3*r**2 + 1821*r + 7308. Give y(-4).
72
Let k(h) = 11*h**2 + 272*h + 1685. What is k(-12)?
5
Let o(p) = -8*p**2 - 4309*p + 105182. What is o(-562)?
88
Let h(k) = -3768*k - 20368. What is h(-5)?
-1528
Let b(u) = 23*u**2 - 200*u - 2014. Give b(-6).
14
Let i(n) = 18*n**2 - 58*n - 58. What is i(-1)?
18
Let b(s) = 366*s - 10508. What is b(27)?
-626
Let q(l) = -l**3 - 65*l**2 - 1062*l - 2. What is q(-27)?
970
Let u(f) = f**3 - 26*f**2 - 164*f + 4773. Determine u(26).
509
Let i(x) = 5*x**2 - 303*x + 2464. Give i(51).
16
Let g(u) = -13440*u - 3507838. What is g(-261)?
2
Let f(n) = -38*n**2 - 7376*n + 29313. Calculate f(-198).
9
Let c(h) = -9*h**2 + 1419*h - 423. Determine c(156).
1917
Let n(a) = -a**3 + 1266*a**2 - 7755*a + 245699. Determine n(1260).
-1
Let l(m) = m**2 + 92552*m - 647921. Determine l(7).
-8
Let p(a) = 3*a**3 - 95*a**2 - 1779*a + 55911. Calculate p(32).
7
Let f(d) = -43426*d + 607876. Calculate f(14).
-88
Let c(n) = n**3 + 59*n**2 - 447*n - 21. Determine c(7).
84
Let g(v) = -41*v**2 + 663*v - 104. Give g(16).
8
Let j(u) = -34*u**2 + 5*u + 34. Calculate j(1).
5
Let k(i) = 368*i**2 - 1245*i + 2486. Give k(2).
1468
Let y(p) = -79*p**2 - 33651*p + 1274. Give y(-426).
-4
Let c(m) = 85*m**3 + 37*m**2 + 29*m - 67. What is c(1)?
84
Let a(n) = -23*n**3 - 15*n**2 - 32*n. Give a(-3).
582
Let v(o) = 72816*o - 436808. Calculate v(6).
88
Let l(d) = 1769*d - 1111060. Determine l(628).
-128
Let d(z) = 6638*z + 2071107. Determine d(-312).
51
Let w(s) = -s**3 + 46*s**2 + 1066*s - 49025. Give w(46).
11
Let a(b) = -66214*b - 66321. Give a(-1).
-107
Let h(t) = 2202*t - 24122. Determine h(11).
100
Let b(u) = 92683*u - 4078027. Calculate b(44).
25
Let l(t) = -4*t**3 + 481*t**2 + 3635*t - 26155. Calculate l(127).
7
Let k(g) = -204399*g + 817634. What is k(4)?
38
Let i(z) = z**3 + 4*z**2 + 27*z + 71. Give i(-8).
-401
Let a(d) = -d**2 + 77007*d - 462004. Calculate a(6).
2
Let x(r) = 2*r**2 + 1285*r - 46741. What is x(35)?
684
Let c(z) = 1135*z + 57832. Determine c(-52).
-1188
Let u(m) = m**2 - 3627*m + 333. Give u(0).
333
Let y(m) = 74*m**2 + 28309*m - 156357. Calculate y(-388).
7
Let h(x) = -228*x + 5265. Determine h(21).
477
Let q(h) = -2*h**2 - 180790*h - 1807705. Calculate q(-10).
-5
Let z(l) = -3*l**2 - 7370*l + 51529. Determine z(7).
-208
Let l(c) = -190*c - 37032. Give l(-195).
18
Let k(h) = 7784*h + 9076135. What is k(-1166)?
-9
Let y(t) = 2*t**3 - 543*t**2 + 5452*t + 7570. What is y(261)?
1
Let z(f) = -f**2 + 136*f + 6968. Calculate z(177).
-289
Let v(o) = 2419*o**2 + 9673*o - 3. Calculate v(-4).
9
Let i(t) = 2*t**3 + 201*t**2 - 717*t - 164. Determine i(-104).
-1308
Let g(p) = 47*p + 273. Determine g(-6).
-9
Let u(y) = -y**2 - 41326*y - 454473. Calculate u(-11).
-8
Let i(x) = -4739*x - 393330. Give i(-83).
7
Let q(l) = l**3 + 22*l**2 + 118*l + 100. Calculate q(-10).
120
Let m(z) = z**2 + 209*z + 10207. Give m(-79).
-63
Let m(t) = 6*t**2 - 73*t - 200. Calculate m(13).
-135
Let x(a) = a**3 - 114*a**2 + 632*a + 6. Give x(6).
-90
Let v(n) = -6*n**3 + 191*n**2 - 473*n + 4317. Calculate v(30).
27
Let p(s) = 3*s**3 - 81*s**2 + 746*s - 26658. Calculate p(29).
22
Let b(s) = -s**3 - 14*s**2 - 1761*s - 37681. Give b(-20).
-61
Let s(l) = 22096*l - 66441. Calculate s(3).
-153
Let j(f) = -2*f**3 + 356*f**2 - 7*f + 1313. Determine j(178).
67
Let j(i) = 3*i**3 + 3*i**2 + 421*i + 2537. Calculate j(-6).
-529
Let r(m) = 28*m**3 - 110*m**2 - 3194*m + 12761. Calculate r(4).
17
Let u(o) = -1899*o**2 - 241202*o - 3696. Calculate u(-127).
-13
Let x(i) = 4*i**2 - 880*i - 56582. Give x(-52).
-6
Let g(s) = 479*s - 8459. Determine g(17).
-316
Let g(f) = -586*f - 12213. Calculate g(-19).
-1079
Let r(g) = -38004*g + 1634100. Calculate r(43).
-72
Let m(c) = -8048*c**2 + 8054*c - 6. Give m(1).
0
Let c(u) = 97*u**2 + 467*u + 160. Calculate c(-4).
-156
Let u(d) = 1746*d + 160643. Calculate u(-92).
11
Let m(d) = -74*d**3 - 4883*d**2 + 69*d +